ate the greatest common divisor of 3115 and 1064744380.
3115
What is the highest common divisor of 194642819 and 2037?
679
What is the greatest common divisor of 242 and 207672179?
121
What is the highest common factor of 174519240 and 210?
210
Calculate the highest common factor of 832 and 14028096.
64
Calculate the highest common factor of 7685 and 117479.
29
What is the greatest common factor of 118819839 and 111?
111
Calculate the highest common divisor of 2688 and 60224064.
192
Calculate the highest common factor of 9856 and 4210272.
352
What is the highest common factor of 95073 and 45627?
201
Calculate the greatest common factor of 253 and 19131101.
253
What is the greatest common factor of 6618837 and 657?
219
What is the greatest common divisor of 12833 and 1910239?
313
Calculate the highest common factor of 833 and 102013345.
833
Calculate the greatest common factor of 23 and 67089229.
23
Calculate the greatest common divisor of 14544 and 16639952.
1616
Calculate the highest common divisor of 59086424 and 136.
136
What is the greatest common divisor of 209 and 43851373?
19
Calculate the highest common factor of 17818 and 565646.
302
What is the highest common factor of 297 and 876933?
27
Calculate the highest common divisor of 44 and 2286361.
11
Calculate the greatest common factor of 1092 and 5551273.
91
Calculate the greatest common divisor of 647195956 and 6248.
3124
Calculate the highest common divisor of 7473 and 33699.
141
Calculate the greatest common divisor of 203 and 232733729.
29
What is the greatest common divisor of 1274 and 103632256?
1274
What is the highest common divisor of 1090652 and 301757?
373
What is the highest common divisor of 172 and 5902825?
43
What is the greatest common divisor of 153 and 16499911?
17
Calculate the highest common factor of 3875 and 32549225.
775
What is the highest common factor of 2016 and 215544?
168
What is the highest common divisor of 36421 and 115489?
11
What is the greatest common divisor of 446425 and 48300?
175
What is the greatest common factor of 5482191 and 206349?
5577
What is the greatest common factor of 482944 and 116864?
1408
What is the greatest common divisor of 11943 and 21971139?
3981
Calculate the greatest common divisor of 192738 and 51933.
21
What is the greatest common divisor of 241 and 163010231?
241
Calculate the highest common factor of 9472756 and 3196.
188
Calculate the greatest common factor of 11744 and 1252204.
1468
Calculate the greatest common factor of 431920 and 203440.
80
What is the greatest common divisor of 84675626 and 392?
98
Calculate the highest common factor of 85149133 and 58.
29
Calculate the greatest common divisor of 17639288 and 129.
43
What is the highest common factor of 389874 and 272043?
543
What is the highest common factor of 1625 and 46166146?
13
Calculate the greatest common factor of 3 and 87854333.
1
What is the greatest common divisor of 12528 and 13345452?
3132
What is the highest common factor of 6724662 and 669102?
3738
Calculate the greatest common factor of 883728880 and 80.
80
What is the greatest common divisor of 68849 and 3585269?
569
Calculate the highest common factor of 19 and 1995547.
1
What is the greatest common factor of 11310 and 11690886?
174
Calculate the highest common factor of 18 and 58936077.
9
Calculate the highest common divisor of 731045 and 700.
35
Calculate the highest common divisor of 4514464 and 224.
32
Calculate the highest common divisor of 34167 and 7203.
21
Calculate the greatest common factor of 7905 and 204135.
465
What is the greatest common divisor of 654 and 462923?
109
What is the greatest common factor of 16268 and 413462?
98
What is the highest common divisor of 21437 and 9906?
13
Calculate the highest common factor of 12354247 and 257.
257
What is the highest common factor of 1129 and 43591819?
1129
Calculate the highest common factor of 4028526 and 474.
474
Calculate the highest common factor of 1255668 and 67812.
12
Calculate the greatest common divisor of 240 and 4494840.
120
What is the greatest common divisor of 22515884 and 424?
212
Calculate the highest common factor of 17061974 and 118.
118
Calculate the highest common divisor of 166766586 and 56.
14
What is the highest common divisor of 20917995 and 32770?
565
What is the greatest common factor of 275910 and 8085?
15
What is the greatest common factor of 6960 and 19802592?
1392
What is the highest common divisor of 854 and 16937809?
427
Calculate the greatest common factor of 1726 and 603412189.
863
Calculate the greatest common divisor of 20913446 and 9136.
1142
Calculate the greatest common factor of 419 and 23645008.
419
What is the highest common factor of 21504 and 47936?
448
What is the highest common factor of 118976 and 18368779?
1859
Calculate the highest common factor of 560 and 9186640.
80
What is the greatest common factor of 117099528 and 4368?
2184
Calculate the greatest common factor of 87653 and 3461109.
2369
What is the highest common divisor of 1820 and 41491100?
140
Calculate the highest common factor of 487468926 and 41.
41
What is the highest common factor of 13284655 and 6736?
421
What is the highest common factor of 220314 and 685086?
3018
What is the highest common divisor of 3708250 and 3150?
350
What is the highest common divisor of 2847 and 2546167?
949
What is the highest common divisor of 44802197 and 55?
11
Calculate the highest common factor of 992283 and 505980.
2811
What is the greatest common divisor of 131016 and 60?
12
What is the highest common factor of 16415802 and 806?
806
What is the highest common divisor of 8952 and 6276?
12
Calculate the highest common divisor of 607959 and 247509.
2403
What is the highest common factor of 78884400 and 2520?
840
What is the highest common factor of 10785915 and 7?
7
Calculate the greatest common divisor of 6599816810 and 290.
290
Calculate the greatest common divisor of 5642688 and 576.
192
Calculate the highest common divisor of 2925 and 3477300.
75
What is the greatest common divisor of 917589 and 75023?
5771
Calculate the greatest common divisor of 5 and 614684955.
5
Calculate the greatest common divisor of 425 and 1840063.
17
Calculate the highest common factor of 48134 and 410.
82
What is the greatest common divisor of 29782504 and 680?
136
Calculate the highest common divisor of 250475 and 32525.
25
Calculate the highest common divisor of 5585424 and 96.
48
Calculate the greatest common divisor of 2497 and 468107596.
2497
What is the greatest common divisor of 6592960 and 770?
110
What is the highest common factor of 450827 and 1898?
13
Calculate the highest common divisor of 23016 and 430591.
959
What is the greatest common divisor of 6185352 and 3?
3
What is the highest common factor of 819 and 571470081?
273
Calculate the greatest common divisor of 24 and 6435488.
8
Calculate the highest common divisor of 1053 and 662373.
9
What is the greatest common factor of 2444 and 2139826?
26
What is the highest common divisor of 129042 and 11646?
18
What is the highest common divisor of 1220 and 15050835?
305
Calculate the highest common divisor of 18 and 33296796.
18
Calculate the highest common factor of 145 and 12313255.
145
Calculate the highest common divisor of 5783655 and 999.
111
What is the highest common divisor of 718 and 1249058?
2
What is the highest common divisor of 1664 and 294983?
13
What is the greatest common divisor of 29856 and 26435?
311
Calculate the highest common factor of 6015858 and 255.
51
What is the greatest common factor of 768426 and 47526?
534
What is the greatest common divisor of 11235341 and 590433?
8557
Calculate the greatest common factor of 5145 and 157446555.
735
What is the highest common divisor of 4214 and 261030?
14
Calculate the highest common factor of 13 and 7060439.
1
Calculate the greatest common divisor of 7 and 3209452.
1
Calculate the greatest common divisor of 2742698 and 161.
7
What is the highest common divisor of 16 and 6685416?
8
What is the highest common divisor of 188625 and 1024125?
375
What is the highest common divisor of 434 and 465434?
62
What is the highest common factor of 68570629 and 107?
107
Calculate the highest common divisor of 348 and 666291153.
87
What is the highest com